4).
20
Let u(w) = w**2 + 5244*w + 109658. Calculate u(-21).
-25
Let n(v) = -81*v**2 + 687*v - 325. What is n(8)?
-13
Let u(l) = -2*l**2 + 6275*l - 198745. Determine u(32).
7
Let g(s) = -2*s**2 + 5663*s + 1186761. Determine g(-196).
-19
Let b(t) = 2*t**3 - 81*t**2 + 7*t - 2758. Determine b(41).
-790
Let z(a) = -678*a**2 + 5320*a + 783. Calculate z(8).
-49
Let y(l) = -l**3 - 25*l**2 - 2140*l - 38442. Calculate y(-19).
52
Let n(k) = -633*k - 10266. What is n(-16)?
-138
Let w(r) = -2*r**3 + 235*r**2 + 763*r - 76091. Determine w(118).
19
Let z(a) = -3*a**3 + 28*a**2 - a + 111. Calculate z(7).
447
Let p(n) = 2*n**3 - 933*n**2 - 52228*n + 5680. Calculate p(517).
-7
Let y(o) = o**3 + 2769*o**2 - 236715*o - 16. Calculate y(83).
67
Let k(m) = 3*m**2 + 2171*m + 248668. Calculate k(-581).
0
Let q(y) = 204515*y + 1431602. What is q(-7)?
-3
Let u(w) = -16*w**3 - 3*w**2 + 55*w - 55. What is u(1)?
-19
Let f(d) = -2*d**3 - 308*d**2 + 1267*d + 530. What is f(-158)?
56
Let n(p) = -p**3 - 4*p**2 + 5547*p + 22138. What is n(-4)?
-50
Let o(w) = -7*w**2 + 1962*w - 130380. Calculate o(172).
-4
Let v(y) = y**3 - 74*y**2 - 199*y - 2454. Determine v(77).
10
Let a(c) = -10648*c + 64590. Give a(6).
702
Let j(b) = -5*b - 103. Give j(-22).
7
Let x(b) = -260*b - 33145. What is x(-120)?
-1945
Let m(d) = -5084*d - 81044. Determine m(-16).
300
Let v(w) = 22*w - 2302. Determine v(104).
-14
Let h(g) = g**3 + 106*g**2 + 1944*g - 613. Determine h(-24).
-37
Let j(d) = 3*d**3 - 2185*d**2 - 8065*d + 9510. Give j(732).
-6
Let f(l) = 5*l**2 - 284*l - 2702. Determine f(-10).
638
Let z(b) = 1851*b - 4076. Calculate z(2).
-374
Let n(b) = -375*b - 137172. Determine n(-365).
-297
Let m(i) = i**2 - 1904*i + 78190. Calculate m(42).
-14
Let s(w) = -12*w**2 + 132*w - 462. Give s(7).
-126
Let i(y) = y**3 - 5*y**2 + 192*y - 1798. Determine i(8).
-70
Let d(p) = 8414*p + 50535. Determine d(-6).
51
Let u(r) = 1368*r - 693523. Calculate u(507).
53
Let j(m) = -2*m**3 + 76*m**2 + 2034*m - 14522. Calculate j(6).
-14
Let u(n) = -36*n**2 + 575*n - 2870. What is u(5)?
-895
Let j(f) = -f**3 + 24*f**2 + 209*f - 4577. Determine j(22).
989
Let j(z) = 647*z - 4551. What is j(12)?
3213
Let g(v) = 4*v**2 + 80*v + 907. Calculate g(-12).
523
Let d(j) = -275776*j + 3033530. Determine d(11).
-6
Let c(k) = 2265*k + 22633. What is c(-10)?
-17
Let u(k) = -7841*k - 2728680. Give u(-348).
-12
Let s(v) = -7*v**3 - 98*v**2 + 1436*v + 152. What is s(9)?
35
Let d(u) = -u**3 - 7*u**2 + 26*u + 179. Calculate d(-6).
-13
Let b(k) = -436*k - 9391. Calculate b(-21).
-235
Let p(q) = q**3 - 156*q**2 - 2421*q - 24613. Give p(171).
11
Let c(g) = -806219*g + 2418621. Calculate c(3).
-36
Let g(m) = -4*m**3 + 189*m**2 + 548*m + 45. What is g(50)?
-55
Let y(q) = -73*q**2 + 2815*q - 19427. Give y(9).
-5
Let g(q) = -q**3 + 227*q**2 + 4511*q + 1815. Calculate g(-18).
-3
Let b(o) = -o**3 + 232*o**2 + 4499*o + 27. Give b(-18).
45
Let d(m) = -4421*m - 124090. Give d(-28).
-302
Let l(k) = 8*k**3 - 10*k**2 - 253*k - 807. Give l(-4).
-467
Let g(u) = -u**3 + 5*u**2 + 251929*u - 1763409. Determine g(7).
-4
Let l(a) = -1329847*a - 1329805. Calculate l(-1).
42
Let a(b) = b**3 + 17*b**2 - 118*b - 204. Give a(11).
1886
Let x(g) = -3*g**3 - 5204*g**2 - 3323*g + 251418. Calculate x(-1734).
-12
Let d(o) = 186*o**2 - 2608*o - 27. Calculate d(14).
-83
Let k(w) = 4277*w + 8558. What is k(-2)?
4
Let w(k) = -k**3 - 27*k**2 + 1018*k + 18223. Calculate w(-41).
19
Let k(q) = -2*q**3 - 18*q**2 + 75*q + 15. Calculate k(-11).
-326
Let m(t) = -54259*t - 705370. Calculate m(-13).
-3
Let d(l) = 357*l - 21468. What is d(60)?
-48
Let h(j) = 20*j**2 - 98*j - 396. Calculate h(9).
342
Let v(n) = -n**3 + 4*n + 373. Calculate v(9).
-320
Let w(i) = 5365*i + 5772735. Calculate w(-1076).
-5
Let n(k) = -71*k - 7408. Determine n(-111).
473
Let m(o) = 11*o**2 + 3233*o - 76803. Calculate m(-316).
-15
Let k(j) = 6680*j - 26525. Determine k(4).
195
Let c(u) = u**3 - 25*u**2 - 11*u + 35. Give c(1).
0
Let t(w) = 336*w + 2252. What is t(-7)?
-100
Let o(n) = -n**3 + 73*n**2 - 1298*n + 330. What is o(43)?
-14
Let s(x) = -556*x - 3543. Determine s(-7).
349
Let r(k) = -313*k + 41324. Calculate r(132).
8
Let u(k) = -469*k**2 + 491*k - 88. Give u(1).
-66
Let l(g) = -g**3 - 402*g**2 + 1222*g + 2097. Calculate l(-405).
-738
Let w(l) = 450*l + 20640. Give w(-46).
-60
Let q(y) = 6276*y - 395388. Give q(63).
0
Let m(p) = 2*p**2 + 182*p - 3254. What is m(14)?
-314
Let p(h) = 2*h**2 - 2192*h - 373790. Calculate p(-150).
10
Let c(z) = -z**3 + 2*z**2 + 124*z - 758. Give c(6).
-158
Let u(d) = -448*d**2 - 163519*d + 360. What is u(-365)?
-5
Let c(a) = -8*a**2 + 339*a + 45358. What is c(-57)?
43
Let w(g) = -326*g**2 + 1524*g - 1. What is w(4)?
879
Let s(g) = -3*g**3 - 181*g**2 - 143*g - 4944. Give s(-60).
36
Let n(m) = 2*m**2 - 406*m + 20412. Determine n(92).
-12
Let f(g) = 3469*g + 173343. Give f(-50).
-107
Let b(a) = -2303*a + 237256. What is b(103)?
47
Let w(k) = k**2 + 456*k - 7397. Calculate w(16).
155
Let n(i) = -i**3 - 42*i**2 - 88*i - 135. What is n(-40)?
185
Let f(n) = -n**3 + 41*n**2 + 360*n. What is f(-6)?
-468
Let l(b) = 49173*b + 737639. Calculate l(-15).
44
Let n(f) = -8*f**3 - 159*f**2 - 594*f - 115. What is n(-15)?
20
Let u(f) = 547*f - 66134. Calculate u(121).
53
Let b(f) = f**3 - 171*f**2 + 112*f + 9980. Calculate b(170).
120
Let j(h) = 597*h**2 - 29853*h + 200. Calculate j(50).
50
Let g(j) = 1630*j - 1023628. Give g(628).
12
Let k(b) = b**3 - 324*b**2 + 2221*b - 648. Give k(317).
-14
Let k(g) = -265*g**2 + 313779*g - 22512. Give k(1184).
-16
Let l(w) = 2*w**2 + 206*w + 1015. Give l(-5).
35
Let u(x) = x**3 + 122*x**2 - 367*x + 682. Determine u(-125).
-318
Let h(y) = -11046*y + 88785. Determine h(8).
417
Let y(p) = -p**3 + 9*p**2 - 172*p + 1166. Calculate y(7).
60
Let j(a) = 2*a**2 - 332*a + 7967. What is j(29)?
21
Let v(z) = -608*z - 7. Give v(-3).
1817
Let h(p) = -4218*p - 105453. What is h(-25)?
-3
Let o(n) = 105*n**2 - 376*n - 759. Determine o(5).
-14
Let z(b) = 10074*b + 775663. Give z(-77).
-35
Let z(i) = 558*i**3 + i**2 - 281*i - 281. Give z(-1).
-557
Let p(j) = 110*j**2 + 1897*j + 5811. Determine p(-4).
-17
Let a(o) = -19641*o + 58923. Calculate a(3).
0
Let t(j) = 4*j**2 - 26*j + 102. Determine t(6).
90
Let f(j) = -j**2 - 7945*j - 23822. Calculate f(-3).
4
Let l(a) = -19*a**2 + 225*a + 3636. What is l(21)?
-18
Let y(v) = 13295*v + 13322. Determine y(-1).
27
Let z(g) = -19*g**3 - 265*g**2 - 18*g + 37. Determine z(-14).
485
Let j(r) = 4260*r + 9028. Calculate j(-2).
508
Let i(f) = 784176*f - 784164. What is i(1)?
12
Let o(z) = -6223*z + 280043. Determine o(45).
8
Let x(i) = -115*i**2 + 1584*i - 40. Give x(13).
1117
Let g(h) = 33108*h - 7614819. Calculate g(230).
21
Let x(f) = -2*f**3 - 555*f**2 - 64*f + 62. Give x(0).
62
Let z(n) = -n**2 - 12007*n - 740602. Give z(-62).
-12
Let h(v) = -824*v + 16412. Calculate h(20).
-68
Let y(z) = -23875*z - 119377. Determine y(-5).
-2
Let g(u) = 3*u**3 - 221*u**2 - 99*u + 1870. Calculate g(74).
20
Let n(g) = -314*g + 14758. Determine n(45).
628
Let c(j) = -2436*j - 143. What is c(-1)?
2293
Let o(i) = -7*i**3 + 15*i**2 + 32*i - 84. Calculate o(3).
-42
Let t(o) = -50*o - 667. What is t(-8)?
-267
Let z(x) = 6247*x - 874430. Determine z(140).
150
Let g(k) = -106*k**2 - 1241*k - 2487. Give g(-2).
-429
Let k(x) = -328*x**2 - 19054*x - 1760. Calculate k(-58).
-20
Let n(q) = 8288*q - 48665. Calculate n(6).
1063
Let u(m) = 7*m**3 - 15*m**2 - 65*m - 84. Give u(-4).
-512
Let n(x) = x**3 - 347*x**2 - 40950*x + 13199. Calculate n(440).
-1
Let v(b) = -1854*b + 5206. Give v(3).
-356
Let y(x) = -46681*x + 6815427. What is y(146)?
1
Let f(y) = 3*y**3 + 14*y**2 + 489*y - 3053. Calculate f(6).
1033
Let m(c) = 9852*c + 59495. Calculate m(-6).
383
Let w(u) = -3*u**3 - 1504*u**2 + 955*u - 24559. Give w(-502).
39
Let y(z) = -158*z - 3461. Determine y(-25).
489
Let y(l) = -l**2 + 455*l - 41440. What is y(122)?
-814
Let h(o) = -267*o**2 - 25626*o + 624. Calculate h(-96).
48
Let d(j) = -55649*j + 3672830. Determine d(66).
-4
Let w(u) = -u**3 - 26*u**2 + 149*u - 186. What is w(3)?
0
Let j(v) = 6305*v**2 - 81962*v - 15. Give j(13).
24
Let x(j) = 25*j**3 - 274*j**2 + 1527*j - 16911. Give x(11).
7
Let t(i) = -7933*i - 134625. Calculate t(-17).
236
Let w(s) = -409*s - 17857. 